 1344701 = 0, -22*q + 25*q + 3*d - 1344708 = 0. Is q prime?
False
Let h(b) = b + 20. Let d be h(11). Let m = d + -27. Is ((-862)/m)/((-15)/330) prime?
False
Suppose -n + 3*m = -180958, -7243*m = -7246*m - 9. Is n prime?
True
Let u be 15 - 12 - (-1 - -4). Suppose -10*b + 3*b = u. Suppose 75*a - 80*a + 3205 = b. Is a prime?
True
Let c(i) = 4*i**2 + 263 + 140 + i - 2*i - 2*i**3 - 4*i**2 - 3*i**2. Is c(0) a prime number?
False
Suppose 68*r - 61*r - 2612071 = 0. Is r composite?
True
Let b(f) = -f**3 - 124*f**2 - 69*f + 2003. Is b(-128) a prime number?
False
Let o = -52 - -52. Suppose -3*p + 4*i = -o*i - 2, 3*p + i = -8. Is (-1)/(p/2) + 1800 composite?
False
Suppose -27 = 49*m - 58*m. Suppose 1618 = m*c - r, 13*c - 17*c - 4*r + 2184 = 0. Is c a prime number?
True
Suppose 0 = 7*c + 14 - 70. Let a be ((-15)/(-10))/(3/c). Is (2/a*-1)/((-2)/856) a composite number?
True
Let w be (15/(-6))/((-2)/4). Let c be (-1)/3 - (61240/15)/(-8). Suppose 695 = 5*g + w*r, -4*r = -5*g + 221 + c. Is g prime?
False
Let n be (8/(-2))/((-8)/(-3) - 2). Let v(f) = 435*f**2 - 12*f + 4. Let s be v(n). Suppose 9*x - s = x. Is x prime?
False
Let w(a) = 8599*a**2 - 215*a + 1151. Is w(5) composite?
False
Suppose -23 = -3*s + 5*m, -4*s + 3*m = -35 + 8. Let o be ((-1)/(-1) - 0)*1399. Is (18/s)/(3/o) a composite number?
False
Suppose -73*x + 820748 = -45105. Is x a composite number?
True
Is ((-9)/(-9))/(((-20136544)/4027308 - -5)*-3) a prime number?
True
Suppose 8*w - 18 = 2*w. Suppose 13 = 4*q + 5*j, j = w*q - 25 + 1. Suppose 9*c - 2626 = q*c. Is c prime?
False
Let c(w) = 2*w - 37. Suppose -5*d + 66 = -l - 32, 2*d - 34 = 3*l. Let q be c(d). Suppose 5652 = q*u + 1869. Is u a prime number?
False
Suppose 475*i = 478*i - 9. Suppose 0 = -5*z - i*l + 10763, 0 = -5*z - l - 292 + 11063. Is z prime?
False
Suppose 3*a + 2*v - 238918 = 0, -4*a + 2*v + 33825 = -284751. Is a a prime number?
False
Let j = 17 + -14. Suppose z - 20 = -j*y, -y + 44 = 8*z - 3*z. Let n(q) = -q**3 + 10*q**2 - 11*q - 1. Is n(z) a composite number?
True
Let s(m) = -11*m**3 - 27*m**2 + 37*m + 130. Is s(-21) a prime number?
True
Let q = 25451 + -9797. Is ((-7)/21)/(2/q)*-1 a composite number?
False
Suppose 4*q + 1662401 = 3*h, -1108252 = -2*h - 22*q + 17*q. Is h prime?
False
Let m = 2114 - 2295. Let u = 1263 + -859. Let d = u + m. Is d composite?
False
Let k(w) = -4183*w - 7912. Is k(-59) prime?
False
Suppose -5*a + 287*a - 60163854 = 0. Is a a prime number?
False
Let h be (-40710)/(-299) - 4*1/26. Is 22242/44*(2 + h/6) prime?
False
Suppose 0 = 1293*w - 1278*w - 8867715. Is w prime?
True
Suppose -7*b = 5*g - 8*b - 14, -b = 3*g - 2. Suppose -x + 7929 = 3*h + 3*x, -g*h + 5282 = 4*x. Is h composite?
False
Let y = 89 + 16280. Is y prime?
True
Let o = 18351 - -25834. Is o a prime number?
False
Let u(y) be the first derivative of -7*y**4/4 + 4*y**3/3 + 3*y**2 + 4*y - 9. Let m be u(-2). Let g = m + 427. Is g composite?
False
Suppose 3*n - 325733 = -4*f, n - 15*f = -19*f + 108559. Is n prime?
True
Let t(c) = 48*c**2 + 292*c - 257. Is t(-56) a prime number?
True
Let f be -2 + (-13 + 10)*4/(-6). Let y(n) = 5*n**2 - n. Let z be y(-1). Suppose f = 9*v - z*v - 2607. Is v composite?
True
Is (1/(6/27))/((-432)/(-5232672)) a composite number?
True
Let s be (-12)/78 + (-18514)/(-13). Suppose 2*j - 1415 = -l, j = -j - 4*l + s. Let g = -219 + j. Is g a prime number?
True
Let o be (0 - (0 + -2)) + 1. Let i be o/(-9)*(-32877)/3. Suppose t + 3*m = 5*t - i, -3*m + 917 = t. Is t a prime number?
False
Suppose 4*b - 5678 = -2*a + 3*a, 2*a + 11321 = b. Let x = -3095 - a. Is x composite?
True
Let j(w) = 6715*w + 320. Is j(5) a prime number?
False
Suppose 0 = -31*b + 2399818 + 2776779. Is b a prime number?
True
Let b(m) = 222 + m - 3*m + 35. Let d = -711 + 711. Is b(d) a composite number?
False
Let v(r) = r**2 + 12*r + 27. Let q be v(-3). Suppose 2*t - 11674 + 3536 = q. Is t composite?
True
Suppose 2*o + 0*o - 8 = 0. Suppose 0 = -8*q + o*q + 4396. Is q a composite number?
True
Let g(i) = i**3 - 146*i**2 - 316*i + 958. Is g(149) prime?
True
Let w(t) = -253*t**3 + 5*t**2 + 7*t + 15. Let v be w(6). Is ((-2)/3)/(((-154)/v)/(-11)) a prime number?
True
Let q be 8/5 + 24/60. Suppose -6*d = -q*d - 20876. Is d a composite number?
True
Suppose -221 = 5*o - 1. Let b be 1048/6 + (o/12 - -4). Suppose p = -4*t + b, -5*t - 73 = 4*p - 740. Is p a composite number?
False
Let v = -140144 - -243444. Suppose d - 21*d = -v. Is d prime?
False
Is (12 - 9 - (-16632154)/21)*(1 - -2) composite?
True
Let y = -155 - -157. Suppose y*v = 3048 + 2822. Is v a composite number?
True
Let d be (2 - 1 - 1)/1. Suppose v - 4*b + 8*b = 0, -3*v + b = d. Suppose -j - j = 2*z - 1266, v = 2*j - 4. Is z composite?
False
Let h be (-11)/((-55)/(-15))*80/(-3). Suppose 0 = -n - 4*n - h. Is (-743)/4*(-12 + n) composite?
True
Suppose 4*r + 3*z - 29 = 0, 6*z = -r + z + 20. Suppose -4*q + 10925 = 5*h, 4*h = q + r*h - 2732. Is q a composite number?
True
Suppose 5*a = 1040 - 285. Let p = 186 + a. Is p a prime number?
True
Let v be 26160/28 + 2/(-7). Suppose 153*l + 4830 = 163*l. Let r = v - l. Is r a prime number?
False
Let v = -1935 - -1028. Let w = -500 + 503. Is v*(-1 + 2 + (w - 5)) a prime number?
True
Suppose -4*a + c + 78298 = 0, 3*a - 5*c + 2*c - 58719 = 0. Is 4/(7 - a/2797) prime?
True
Let o = 11992 - 5061. Is o composite?
True
Let a(x) = x**2 - 38*x + 13. Let p(m) = m**3 - 8*m**2 + 11*m - 44. Let j be p(7). Is a(j) composite?
False
Suppose 3*x + 15700 = 40441. Is x prime?
False
Suppose 3*f - h - 439454 = 0, -148*f - 292967 = -150*f + 3*h. Is f a composite number?
True
Suppose 5*g = 6*g. Let f be ((-36)/18)/(g - (-2)/1). Is 4/10*f - (-2574)/10 composite?
False
Suppose 25*o + 11 = -239. Let w(t) = 186*t**2 - 47*t + 21. Is w(o) a prime number?
False
Suppose 0 = 4*d - 0*d + 27064. Let l = -4263 - d. Is l a composite number?
False
Let n(p) = 130*p - 56. Let r(m) = -128*m + 57. Let k(q) = -2*n(q) - 3*r(q). Is k(7) prime?
True
Suppose 8*l = 2*l + 57288. Let v = l - 3825. Is v a prime number?
False
Suppose 0 = -353*p + 310*p + 230222. Is p a composite number?
True
Is -2 - (16 - 15) - (-93469 + -1) - 4 composite?
False
Let g = -45 + 39. Let z = g + 14. Suppose -5*t + 4*q = -7827, 4*q = -0 + z. Is t a prime number?
True
Let n be (7 - 88)*24 + -2. Let o = n - -4177. Is o prime?
False
Let r be (-1)/(-7) - 291/(-21). Let v = r - 12. Is (-9)/12 + v*4124/32 prime?
True
Let j(h) = -2*h**3 - 9*h**2 - 5*h + 3. Let x be j(-4). Is (5576 - (x - 5))/2 a composite number?
True
Let z = -1989 + 3500. Is z a composite number?
False
Let n be -5 + 55899/54 - 2/12. Let l = -457 + n. Is l composite?
True
Let w(i) = 384*i**2 + 84*i + 533. Is w(-8) a prime number?
False
Let k(f) = 4*f**2 + 5*f + 92. Let w(a) = -5*a**2 - 6*a - 93. Let q(d) = 4*k(d) + 3*w(d). Let j(l) = -l**3 - l**2 - l - 1. Let s be j(-1). Is q(s) composite?
False
Suppose 0 = -0*d + 9*d - 45. Let b(m) = -m**2 + m + 8. Let a be b(d). Is (-4)/a*((-230)/(-2) + 2) a composite number?
True
Suppose 6*t - 7*t + 2186 = 0. Let b = t + -1303. Let r = b - 630. Is r a composite number?
True
Is 48/32*(3 + 243076/12) prime?
True
Let q = 137396 - 85030. Is q a composite number?
True
Let j(r) = 106*r + 25. Suppose -43*a = -36*a - 154. Is j(a) a prime number?
True
Let b = 49201 - -6366. Is b a composite number?
True
Let v(k) = k - 29. Let p(m) = 5*m - 19. Let c be p(8). Let q be v(c). Is 1/(q + 5)*-3*1277 a prime number?
True
Is 313/(4/6924*3*(1 - 0)) a prime number?
False
Is (10 + 76852)*55/22 a prime number?
False
Let s(w) = -101*w**2 + 6*w - 6. Let a(j) = 202*j**2 - 12*j + 11. Suppose 0 = -3*k + 10 - 16. Let u(x) = k*a(x) - 5*s(x). Is u(5) prime?
True
Suppose 3*c - 3 = -39. Let u(x) = x**3 + 12*x**2 + 3. Let b be u(c). Suppose -b*h + 5*m + 0*m = -12478, h - 4*m = 4171. Is h composite?
True
Is 19 + 5819073/209 + 6/11 a composite number?
True
Let n = -102256 + 161589. Is n a composite number?
False
Suppose -17*k - 1768646 = -3*h - 12*k, h = -2*k + 589545. Is h a composite number?
True
Suppose 1140 = n - i, 2295 = 2*n + 5*i - 2*i. Suppose 6*h = 2295 + n. Is h prime?
False
Let h(x) = x**3 - 45*x**2 - 30*x - 46. Let s(m) = m**3 - 33*m**2 + 117*m + 18. Let t be s(29). Is h(t) prime?
False
Suppose 3*w + l + 808 = 2110, 4*l + 12 = 0. Let f = w - -352. Is f a composite number?
F